)/(-1) - o) a prime number?
False
Suppose 7*d = 10*d - 9753. Is d prime?
True
Suppose -3*k - 66 - 87 = 0. Let l be (-28 + -1)/(1/(-4)). Let m = k + l. Is m prime?
False
Let v(y) be the first derivative of -5*y**2/2 - 5*y + 2. Let x be v(-5). Is x + 2*(-2)/4 a prime number?
True
Let v(q) = 2*q**3 - 2*q**2 + q - 1. Is v(6) composite?
True
Let x = -219 + 657. Suppose -16 = 2*i - x. Is i prime?
True
Let o(y) = -y**3 - 7*y**2 + 5*y - 15. Is o(-8) composite?
True
Let s(o) = -o**3 + 3*o**2 + 2*o - 2. Let n be s(3). Let r(t) = t + 0 - n*t - 4. Is r(-5) a prime number?
True
Let a be (20/6)/(6/(-63)). Is (3 - 2)/((-1)/a) prime?
False
Suppose 0 = 4*y + y - 35. Suppose 2*d - 85 - y = 0. Is d prime?
False
Let y(c) = c**3 + 11*c**2 + 8*c + 9. Is y(-4) a prime number?
True
Suppose 4*x - 8496 = -4*b, -4*x + 6*x = 4*b + 4278. Is x a prime number?
True
Suppose 1018 - 6337 = -9*q. Is q prime?
False
Let j = 28 + -8. Suppose -f - f = -j. Is f composite?
True
Let l = 28 - 18. Suppose 4 = 2*m - 2. Suppose 3*i + 2*i = m*b + 30, 2*b + l = 0. Is i composite?
False
Let s(j) = j**2 - 7*j + 9. Let d be s(6). Let g(u) = -4*u**2 + 4 - d*u**2 + 3*u**2 + u**3. Is g(4) composite?
True
Suppose -20 = -3*b - 5*x, 0 = 4*b - 0*x - 2*x - 18. Suppose w - 453 = 4*o, -4*w + b*o + 1620 + 236 = 0. Is w composite?
True
Let d = 7 - 3. Suppose -2*r - 20 = -d*r. Is r prime?
False
Is (50/75)/(2/237) composite?
False
Let n(s) = -s**3 - 24*s**2 - 3*s + 9. Is n(-25) a composite number?
False
Let i(k) = k**3 + 13*k**2 + 7*k - 6. Is i(-5) prime?
False
Let g = 1 + 1. Let s(w) = 8*w**2 - 1 + 0 - 5 + w**3 - g*w. Is s(-7) a composite number?
True
Suppose 4*r - 5*g - 271 = 383, -g + 168 = r. Suppose b = 2*b - r. Is b composite?
True
Let j(a) = a**3 + 3*a + 4*a**2 - 2*a - 3 + a. Let n be j(-3). Suppose n = -5*i + 109 + 86. Is i composite?
True
Suppose 0 = -4*c + 2*s + 3*s - 8, -2*c + 2*s = 6. Let q(m) = -7*m + 6. Is q(c) prime?
False
Let k be (-18)/6 + 378 + -2. Let a = k + -164. Is a a prime number?
False
Suppose 4*d = 23 - 95. Let k(a) = -8*a**2 - 1. Let j be k(-1). Is (-958)/d - (-2)/j a prime number?
True
Suppose -d = -0*d - 887. Is d a prime number?
True
Let s = 10 + -12. Let l(i) = -2*i**3 + 2*i**2 + 3*i + 1. Is l(s) prime?
True
Suppose -4*k + 9*k = -30. Let j be 30/((k/(-8))/1). Suppose -7*n + j = -3*n. Is n prime?
False
Let k be (-5)/15 - 428/(-6). Suppose k = 4*f - 261. Is f composite?
False
Suppose -2*v + 0*l + 322 = 3*l, 3*v - 4*l - 483 = 0. Is v prime?
False
Let o = -5 + 6. Let n(g) = 20*g - 1. Let i be n(o). Suppose 2*z - i = z. Is z a prime number?
True
Let y = 67 - -70. Is (-6)/6 + (y - 2) prime?
False
Suppose -4*u - 2*r + 4 = 0, -4*u - u = 4*r - 11. Is -3 + 2 + 21 + u composite?
False
Suppose 3*a + 5*c = 3848, -6*a + c + 2587 = -4*a. Is a composite?
False
Let b(y) = y**2 + y - 1. Let l be (1 + -1)/(-2 - 0). Let s be b(l). Is s*-3*6/3 a composite number?
True
Suppose 4*t - 106 = 2*t. Is t a composite number?
False
Let i = 6 - 4. Suppose 0 = -5*l + i*x + 1777, -2*l = l - 2*x - 1063. Suppose 5*o = -3*q + l, o - 476 = -4*q - 2*o. Is q a composite number?
True
Let m = 430 + -296. Let b = -55 + m. Is b a prime number?
True
Let k = 39 + -109. Suppose 0 = 2*z - t + 30, 37 - 6 = -3*z + 5*t. Let w = z - k. Is w prime?
True
Suppose 766 = -5*a + 3901. Let y = a + -296. Is y composite?
False
Let p be (-2 + -8)/(1 - 3). Suppose -4*a + 1865 = 5*o, -p*a + 1121 = 2*o + 375. Is o a composite number?
False
Is (-6 + -508)/(-2*1) prime?
True
Suppose 5 = -5*p, 4*m + 4*p - 62 = m. Is m composite?
True
Let s(f) = 8*f**2 - 4*f - 6. Let w be s(-4). Is (w - -1)/(2/2) composite?
False
Suppose 0 = -3*s - 2*s + 2075. Is s composite?
True
Suppose -988 = -7*j - 183. Is j composite?
True
Let h = -8688 + 15491. Is h a composite number?
False
Let o be 1 + (1 - -7)/(-2). Let u(s) = 3*s - 1. Let w be u(-2). Is (-21)/w*(-2)/o composite?
False
Suppose 0 = -2*n - 3*n + 100. Suppose 3*l = -2*g + 19 + 24, n = g + 3*l. Is g composite?
False
Let k(h) be the third derivative of -h**5/60 + 13*h**3/6 + 3*h**2. Let x be (-2)/(-5) + (-2)/5. Is k(x) a composite number?
False
Is 1*69*(-6176)/(-96) composite?
True
Suppose 4*u - 529 = 5*u - i, -2*u + i - 1059 = 0. Let k = u - -977. Is k composite?
True
Suppose -5*l + 1608 = a, -2*l - 2*a - 970 = -5*l. Let z be ((-4)/(-5))/((-2)/(-5)). Suppose -l = -5*j - g + 240, 4*g = -z*j + 214. Is j a composite number?
False
Suppose -2*c + 190 = -0*c + o, o = -4. Is c prime?
True
Suppose 0 = 2*r + 2, 14 + 20 = -5*q - 4*r. Let v = q + 2. Let t(b) = -58*b + 5. Is t(v) a prime number?
False
Let x = 8 - 4. Suppose x*g + 1 = 61. Is g a prime number?
False
Let d = 59 - 28. Is d prime?
True
Let z(u) = -2*u**3 + u**2 - u + 7. Let w be z(4). Suppose p - 2*i - 468 = -p, -10 = -5*i. Let a = w + p. Is a a composite number?
False
Suppose v + 3*t + 3 = 0, 1 = -5*t + 4*t. Suppose v = -2*b + 456 - 34. Is b a composite number?
False
Is -1*4/2 - (-2 - 587) a composite number?
False
Suppose a = 1, 3*a = -2*b - 2*a + 587. Is b a composite number?
True
Let h be 1 - -1 - (1 + -2). Suppose 58 + 14 = h*g + m, 5*g - 5*m - 140 = 0. Is g a composite number?
True
Suppose -c - 90 + 239 = 0. Is c composite?
False
Let m be 2/9 + 632/72. Let r = m + -3. Is r prime?
False
Suppose 2*u - 5*f - 3389 = 0, -4698 = -4*u + 3*f + 2059. Is u composite?
True
Suppose 724 - 50 = 2*f. Is f prime?
True
Let r(h) = -3*h**3 + h**2 + 3*h - 2. Suppose 0 = 4*k + 7 + 9. Let y = 1 + k. Is r(y) composite?
False
Suppose 5 = 2*x - y, 2*y + 2*y + 14 = 5*x. Suppose -q = -x*k + 3*q + 194, k + 4*q = 109. Suppose -w - k = -5*d, 5*d = -2*w + 9 + 104. Is d prime?
False
Let i(f) be the second derivative of f**6/120 + f**5/15 - 5*f**4/12 - f**3/2 + f. Let y(s) be the second derivative of i(s). Is y(-9) composite?
True
Let z(q) = -14*q**3 + 5*q**2 + 5*q - 9. Is z(-5) a composite number?
True
Let x(c) = -c. Let z be x(-2). Let a be (z/3)/((-2)/3). Is 52/2 + a/1 a prime number?
False
Suppose -6*d - 55 = -613. Is d a prime number?
False
Let a(s) be the first derivative of s**4/4 + 2*s**3 + 5*s**2/2 - 3*s - 1. Let l be a(-4). Is 1 + l*4/2 composite?
False
Let a(y) = 25*y + 7. Suppose -2*h - 2 = 5*k, -k + 2*h + 3 = -h. Suppose -2*s + k*s + 12 = 0. Is a(s) prime?
True
Suppose 0 = 4*c + 20, -3*p + 40 = -0*p - 5*c. Suppose -p*v + 21 = 6. Suppose w + 0 = v. Is w a prime number?
True
Suppose -2*o + 2*m = -180, -5*o + 405 = 3*m - 77. Is o prime?
False
Let p = 32 - 22. Let f be 99/1 - 1/(-1). Is p/(-35) - f/(-7) prime?
False
Let t(k) = 48*k**2 - k. Let v be t(1). Suppose -4*r = 2*x + 46 + 12, 0 = 3*x - 2*r + v. Let b = 44 + x. Is b prime?
False
Suppose r - 11 = i, -3*r = -5*r + 4. Let d(m) = 2*m**2 - 10*m - 1. Is d(i) prime?
True
Suppose 5*h - 22 = -3*l, 3*l - 6 - 2 = 2*h. Suppose -r = h*r. Is r + (-1 - -14*6) a prime number?
True
Let i = 5 + -3. Let o be 66/(i/((-16)/(-6))). Is 1*(-1 + o - 2) prime?
False
Suppose -3*y - 2*z + 240 = -1769, -4*y + 2687 = z. Is y prime?
True
Suppose p + 52 = -5. Let r be 4*p/18*-3. Suppose -29 = -n + r. Is n prime?
True
Suppose s - 60 = -2. Is s a prime number?
False
Let v(o) = 20*o**2 - o + 1. Let k = -6 + 8. Is v(k) composite?
False
Suppose 3*s - 2*v = 281, -88 = -3*s - 4*v + 169. Is s a prime number?
False
Let x = -13 + -63. Let t(l) = -11*l**2 + l + 1. Let g be t(-2). Let v = g - x. Is v a composite number?
False
Let y(j) = 27*j**2 - 7. Let x be y(-7). Suppose 0 = -4*a - 288 + x. Is a a prime number?
True
Is 880 + (-5 - -2) + 0/5 a prime number?
True
Is 10 - (3 - -2) - -1538 a prime number?
True
Suppose 5*l + p - 5*p = 232, 0 = 4*p + 12. Suppose -l = -3*k + k. Is k a composite number?
True
Let i(w) = 190*w. Let p be i(3). Suppose -3*q + p = -l, 5*q - 253 = -5*l + 717. Is q a composite number?
False
Let b(t) be the second derivative of -7*t**3/6 + t**2/2 - t. Let z be b(-1). Suppose 5*a - 67 = -n, -z*a + 73 = -3*a - n. Is a a prime number?
False
Let x(v) = -v**3 - 5*v**2 + 6*v - 2. Let f be x(-6). Is (-2 - f) + (57 - 2) prime?
False
Suppose 5*d - 5 = -0*d. Let q = 1 + d. Is 4/q - 67/(-1) a composite number?
True
Let h(m) = -5*m + m - 7*m - 2. Is h(-5) a prime number?
True
Let u(x) = -13*x - 22. Is u(-9) composite?
True
Let i(m) be the first derivative of -3*m**4/4 + m**3/6 + m**2/2 + 2. Let a(p) be the second derivative of i(p). Is a(-1) a pr